 prime factors of 3029547.
3, 167, 6047
What are the prime factors of 224173?
373, 601
List the prime factors of 11842495.
5, 7, 79, 4283
What are the prime factors of 983397?
3, 327799
What are the prime factors of 338249?
17, 101, 197
What are the prime factors of 1139338?
2, 79, 7211
What are the prime factors of 9765502?
2, 73, 211, 317
List the prime factors of 868074.
2, 3, 149, 971
What are the prime factors of 2525584?
2, 23, 6863
What are the prime factors of 2004063?
3, 19, 35159
What are the prime factors of 710078?
2, 355039
List the prime factors of 8346850.
2, 5, 97, 1721
List the prime factors of 278097.
3, 92699
What are the prime factors of 1586256?
2, 3, 7, 4721
What are the prime factors of 673929?
3, 103, 727
What are the prime factors of 5879143?
827, 7109
List the prime factors of 21022.
2, 23, 457
List the prime factors of 1204453.
1204453
List the prime factors of 171575.
5, 6863
What are the prime factors of 39688?
2, 11, 41
What are the prime factors of 211894?
2, 53, 1999
List the prime factors of 818705.
5, 163741
List the prime factors of 771260.
2, 5, 7, 787
What are the prime factors of 1054263?
3, 7, 61, 823
What are the prime factors of 196415?
5, 163, 241
List the prime factors of 677728.
2, 21179
List the prime factors of 6006454.
2, 3003227
List the prime factors of 2839190.
2, 5, 97, 2927
What are the prime factors of 653711?
653711
What are the prime factors of 2428873?
137, 17729
What are the prime factors of 449017?
277, 1621
What are the prime factors of 3442222?
2, 7, 71, 3463
List the prime factors of 6357675.
3, 5, 103, 823
List the prime factors of 1870901.
17, 167, 659
List the prime factors of 245863.
245863
What are the prime factors of 257655?
3, 5, 89, 193
What are the prime factors of 16373091?
3, 7, 17, 45863
What are the prime factors of 12985223?
12985223
List the prime factors of 347392.
2, 23, 59
List the prime factors of 13867859.
37, 374807
List the prime factors of 1646148.
2, 3, 7, 19597
What are the prime factors of 9940798?
2, 7, 127, 5591
List the prime factors of 15366587.
229, 67103
List the prime factors of 3934496.
2, 122953
What are the prime factors of 16885565?
5, 23, 359, 409
What are the prime factors of 1048918?
2, 13, 40343
What are the prime factors of 295242?
2, 3, 49207
List the prime factors of 22923907.
22923907
What are the prime factors of 213325?
5, 7, 23, 53
What are the prime factors of 149575?
5, 31, 193
List the prime factors of 309723.
3, 17, 6073
What are the prime factors of 2066580?
2, 3, 5, 43, 89
What are the prime factors of 445798?
2, 137, 1627
List the prime factors of 140708.
2, 29, 1213
List the prime factors of 1477039.
1477039
What are the prime factors of 176164?
2, 44041
List the prime factors of 449614.
2, 11, 107, 191
List the prime factors of 164692.
2, 11, 19, 197
What are the prime factors of 24378761?
11, 103, 21517
List the prime factors of 2960099.
919, 3221
List the prime factors of 702466.
2, 23, 15271
What are the prime factors of 4150473?
3, 59, 131, 179
What are the prime factors of 511396?
2, 127849
What are the prime factors of 548082?
2, 3, 30449
List the prime factors of 4324529.
11, 23, 17093
List the prime factors of 953694.
2, 3, 7, 29
What are the prime factors of 587340?
2, 3, 5, 13, 251
What are the prime factors of 218056?
2, 97, 281
List the prime factors of 9729002.
2, 37, 73, 1801
What are the prime factors of 311375?
5, 47, 53
What are the prime factors of 15971730?
2, 3, 5, 532391
What are the prime factors of 109358?
2, 54679
What are the prime factors of 3818?
2, 23, 83
What are the prime factors of 3137131?
23, 136397
List the prime factors of 3356473.
79, 42487
List the prime factors of 2663.
2663
What are the prime factors of 152634?
2, 3, 25439
List the prime factors of 81055.
5, 13, 29, 43
What are the prime factors of 580831?
191, 3041
List the prime factors of 12358.
2, 37, 167
List the prime factors of 831766.
2, 13, 31991
List the prime factors of 100333.
100333
What are the prime factors of 351749?
351749
List the prime factors of 88480.
2, 5, 7, 79
What are the prime factors of 148685?
5, 131, 227
What are the prime factors of 238272?
2, 3, 17, 73
What are the prime factors of 333022?
2, 269, 619
What are the prime factors of 8755765?
5, 17, 239, 431
What are the prime factors of 1518221?
37, 1109
What are the prime factors of 462477?
3, 154159
What are the prime factors of 404107?
11, 17, 2161
What are the prime factors of 560073?
3, 23, 8117
List the prime factors of 427028.
2, 7, 101, 151
What are the prime factors of 999908?
2, 7, 13, 41, 67
List the prime factors of 5433710.
2, 5, 17, 31963
What are the prime factors of 286537?
101, 2837
What are the prime factors of 381953?
11, 13, 2671
What are the prime factors of 2259814?
2, 53, 21319
List the prime factors of 2077267.
101, 131, 157
What are the prime factors of 10063?
29, 347
What are the prime factors of 3916121?
11, 199, 1789
List the prime factors of 6631.
19, 349
List the prime factors of 926480.
2, 5, 37, 313
What are the prime factors of 1003717?
11, 13, 7019
What are the prime factors of 931250?
2, 5, 149
List the prime factors of 4700.
2, 5, 47
List the prime factors of 34345.
5, 6869
List the prime factors of 2121902.
2, 167, 6353
What are the prime factors of 1480761?
3, 101, 181
List the prime factors of 551503.
551503
What are the prime factors of 20858601?
3, 6952867
List the prime factors of 3573271.
13, 274867
List the prime factors of 151762.
2, 13, 449
List the prime factors of 1974037.
13, 151849
What are the prime factors of 139534?
2, 69767
List the prime factors of 3496737.
3, 1165579
List the prime factors of 288112.
2, 11, 1637
List the prime factors of 19553357.
97, 201581
List the prime factors of 6396313.
7, 11, 11867
List the prime factors of 2440418.
2, 17, 71777
What are the prime factors of 223103?
223103
What are the prime factors of 831844?
2, 13, 17, 941
List the prime factors of 34606144.
2, 19, 149, 191
What are the prime factors of 231441?
3, 7, 103, 107
List the prime factors of 3028216.
2, 157, 2411
What are the prime factors of 8534070?
2, 3, 5, 94823
What are the prime factors of 349742?
2, 31, 5641
List the prime factors of 1422330.
2, 3, 5, 7, 13, 521
List the prime factors of 237601.
7, 13, 373
List the prime factors of 4070802.
2, 3, 653, 1039
What are the prime factors of 2817593?
2817593
What are the prime factors of 3637208?
2, 19, 23929
List the prime factors of 5546027.
5546027
List the prime factors of 6490927.
6490927
What are the prime factors of 4765519?
11, 433229
What are the prime factors of 4957562?
2, 167, 14843
What are the prime factors of 64121?
37, 1733
List the prime factors of 2819179.
11, 23, 1013
What are the prime factors of 1853889?
3, 617963
What are the prime factors of 1978168?
2, 37, 41, 163
What are the prime factors of 41723672?
2, 5215459
List the prime factors of 448436.
2, 71, 1579
What are the prime factors of 1625310?
2, 3, 5, 18059
What are the prime factors of 517002?
2, 3, 199, 433
List the prime factors of 313299.
3, 7, 4973
List the prime factors of 635981.
635981
List the prime factors of 7129604.
2, 37, 67, 719
List the prime factors of 34528397.
34528397
List the prime factors of 7283350.
2, 5, 29, 5023
List the prime factors of 750890.
2, 5, 7, 17, 631
What are the prime factors of 23849527?
13, 109, 16831
List the prime factors of 7116964.
2, 1779241
List the prime factors of 8445864.
2, 3, 7, 50273
What are the prime factors of 3344964?
2, 3, 7, 39821
What are the prime factors of 3441502?
2, 53, 32467
What are the prime factors of 596847?
3, 19, 37, 283
List the prime factors of 5030131.
5030131
What are the prime factors of 2941389?
3, 11, 37, 73
List the prime factors of 116233.
13, 8941
What are the prime factors of 228236?
2, 57059
What are the prime factors of 459992?
2, 13, 4423
What are the prime factors of 6197701?
67, 92503
List the prime factors of 451136.
2, 7, 19, 53
List the prime factors of 11159418.
2, 3, 337, 5519
What are the prime factors of 25313485?
5, 5062697
What are the prime factors of 795070?
2, 5, 43
List the prime factors of 16151.
31, 521
What are the prime factors of 159621?
3, 7, 11, 691
What are the prime factors of 56